{"id":1406,"date":"2022-03-17T16:45:11","date_gmt":"2022-03-17T19:45:11","guid":{"rendered":"http:\/\/isft182.edu.ar\/?page_id=1406"},"modified":"2025-07-14T21:59:35","modified_gmt":"2025-07-15T00:59:35","slug":"docentes-2","status":"publish","type":"page","link":"https:\/\/isft182.edu.ar\/index.php\/docentes-2\/","title":{"rendered":"Docentes"},"content":{"rendered":"\n<ul class=\"wp-block-list\"><\/ul>\n\n\n\n<h4 class=\"wp-block-heading\"><strong>1 &#8211; Horarios<\/strong><\/h4>\n\n\n\n<ul class=\"wp-block-list\">\n<li><a href=\"https:\/\/drive.google.com\/file\/d\/1WMCPMttRr0miMNYSztN89S0eWQ_4Vy7g\/view?usp=sharing\" target=\"_blank\" rel=\"noreferrer noopener\">Horarios &#8211; Carreras Turno Vespertino<\/a><\/li>\n\n\n\n<li>Horarios &#8211; Bibliotecolog\u00eda \/ Bie<\/li>\n<\/ul>\n\n\n\n<h4 class=\"wp-block-heading\"><strong>2 &#8211; Declaraci\u00f3n Jurada<\/strong><\/h4>\n\n\n\n<ul class=\"wp-block-list\">\n<li><a href=\"http:\/\/isft182.edu.ar\/wp-content\/uploads\/2022\/03\/DDJJ-en-blanco.docx\" target=\"_blank\" rel=\"noreferrer noopener\">Declaraci\u00f3n Jurada de Cargos y Actividades Laborales<\/a><\/li>\n<\/ul>\n\n\n\n<h4 class=\"wp-block-heading\"><strong>3 &#8211; Planificaciones<\/strong><\/h4>\n\n\n\n<ul class=\"wp-block-list\">\n<li><a href=\"http:\/\/isft182.edu.ar\/wp-content\/uploads\/2022\/03\/FormatoPlanificaciones.docx\" target=\"_blank\" rel=\"noreferrer noopener\">Formato \/ Planificaciones<\/a><\/li>\n\n\n\n<li><a href=\"http:\/\/isft182.edu.ar\/wp-content\/uploads\/2022\/03\/FormatoProgramas.docx\" target=\"_blank\" rel=\"noreferrer noopener\">Formato \/ Programas<\/a><\/li>\n<\/ul>\n\n\n\n<h4 class=\"wp-block-heading\"><strong>4 &#8211; Concursos Docentes<\/strong><\/h4>\n\n\n\n<ul class=\"wp-block-list\">\n<li><a href=\"http:\/\/isft182.edu.ar\/index.php\/category\/concursos-docentes\/\" target=\"_blank\" rel=\"noreferrer noopener\">Convocatorias de Concursos Docentes<\/a><\/li>\n\n\n\n<li><a href=\"https:\/\/drive.google.com\/file\/d\/1hsP5MY2tuzNiaL1OX2IIbxTN6WHaT9ns\/view?usp=sharing\" target=\"_blank\" rel=\"noreferrer noopener\">Resoluci\u00f3n 5886\/03 &#8211; Cobertura de C\u00e1tedras<\/a><\/li>\n\n\n\n<li><a href=\"https:\/\/drive.google.com\/file\/d\/12TJvtgu0SqP9jwHMAmAmFjjGj88F0kQK\/view?usp=sharing\" target=\"_blank\" rel=\"noreferrer noopener\">Resoluci\u00f3n 1161\/20 &#8211; Modificatoria Res. 5886\/03<\/a><\/li>\n\n\n\n<li><a href=\"https:\/\/drive.google.com\/file\/d\/1fF2HNKDw53dbcg_j_GJq7pz5Qcm-uCIL\/view?usp=sharing\" target=\"_blank\" rel=\"noreferrer noopener\">Disposici\u00f3n 30\/05 &#8211; Presentaci\u00f3n de los Proyectos de C\u00e1tedras<\/a><\/li>\n<\/ul>\n\n\n\n<h4 class=\"wp-block-heading\"><strong>5 &#8211; Pr\u00e1cticas Profesionalizantes<\/strong><\/h4>\n\n\n\n<ul class=\"wp-block-list\">\n<li><a href=\"http:\/\/isft182.edu.ar\/index.php\/practicas-profesionalizantes\/\" target=\"_blank\" rel=\"noreferrer noopener\">Marco Normativo y Organizaci\u00f3n de Grupos de Pr\u00e1cticas (Copret)<\/a><\/li>\n\n\n\n<li><a href=\"https:\/\/isft182.edu.ar\/ProyectoPracticas3.2.0\/\">Administraci\u00f3n de pr\u00e1cticas<\/a><\/li>\n<\/ul>\n\n\n\n<h4 class=\"wp-block-heading\"><strong>6 &#8211; Marco Normativo<\/strong><\/h4>\n\n\n\n<ul class=\"wp-block-list\">\n<li><a href=\"https:\/\/drive.google.com\/file\/d\/1WfqeoTYI7LLU8zD8x8b9eNTHlsgzesyq\/view?usp=sharing\" target=\"_blank\" rel=\"noreferrer noopener\">Resoluci\u00f3n 4043\/09<\/a><\/li>\n\n\n\n<li><a href=\"https:\/\/drive.google.com\/file\/d\/1Wf-e6aufJ0PWblZvFr_ySMNsHV54ZKqc\/view?usp=sharing\" target=\"_blank\" rel=\"noreferrer noopener\">Plan Institucional de Evaluaci\u00f3n<\/a><\/li>\n\n\n\n<li><a href=\"https:\/\/drive.google.com\/file\/d\/1WeQBEpYdVNlAgOC7O1lrJ7ctK6-VnJXz\/view?usp=sharing\" target=\"_blank\" rel=\"noreferrer noopener\">Normas Institucionales de Convivencia<\/a><\/li>\n<\/ul>\n\n\n\n<h4 class=\"wp-block-heading\"><strong>7 &#8211; Ex\u00e1menes Finales<\/strong><\/h4>\n\n\n\n<ul class=\"wp-block-list\">\n<li><a href=\"https:\/\/drive.google.com\/file\/d\/1LC_NYQn4vMRzQAwc909VtcqftGXWMWeK\/view?usp=sharing\" target=\"_blank\" rel=\"noreferrer noopener\">Cronograma de Ex\u00e1menes Finales<\/a><\/li>\n\n\n\n<li><a href=\"http:\/\/www.isft182.edu.ar\/virtualis\/totalinscripciones\/vista\/totalinscripciones.html\" target=\"_blank\" rel=\"noreferrer noopener\">Consulta de Cantidad de Inscriptos por Mesa de Examen<\/a><\/li>\n<\/ul>\n\n\n\n<h4 class=\"wp-block-heading\"><strong>8 &#8211; Constancias y Formularios<\/strong><\/h4>\n\n\n\n<ul class=\"wp-block-list\">\n<li><a href=\"https:\/\/isft182-bue.infd.edu.ar\/sitio\/wp-content\/uploads\/2018\/11\/Constancia_MesaExaminadora.pdf\" target=\"_blank\" rel=\"noreferrer noopener\">Constancia de Mesa Examinadora<\/a><\/li>\n<\/ul>\n\n\n\n<h4 class=\"wp-block-heading\"><strong>9 &#8211; Licencias<\/strong><\/h4>\n\n\n\n<ul class=\"wp-block-list\">\n<li><a href=\"https:\/\/docs.google.com\/document\/d\/1bKzFHP7bCk0nKbcmRZicPuDZYsrFbGtz\/edit?usp=share_link&amp;ouid=111874906568860274370&amp;rtpof=true&amp;sd=true\">Solicitud de Licencia por Causas Particulares<\/a><\/li>\n<\/ul>\n\n\n\n<ul class=\"wp-block-list\"><\/ul>\n\n\n\n<p><\/p>\n","protected":false},"excerpt":{"rendered":"<p>1 &#8211; Horarios 2 &#8211; Declaraci\u00f3n Jurada 3 &#8211; Planificaciones 4 &#8211; Concursos Docentes 5 &#8211; Pr\u00e1cticas Profesionalizantes 6 &#8211; Marco Normativo 7 &#8211; Ex\u00e1menes<span class=\"read-more-link\"><a class=\"read-more\" href=\"https:\/\/isft182.edu.ar\/index.php\/docentes-2\/\">Read More<\/a><\/span><\/p>\n","protected":false},"author":5,"featured_media":0,"parent":0,"menu_order":0,"comment_status":"closed","ping_status":"closed","template":"","meta":{"footnotes":""},"class_list":["post-1406","page","type-page","status-publish","hentry"],"_links":{"self":[{"href":"https:\/\/isft182.edu.ar\/index.php\/wp-json\/wp\/v2\/pages\/1406"}],"collection":[{"href":"https:\/\/isft182.edu.ar\/index.php\/wp-json\/wp\/v2\/pages"}],"about":[{"href":"https:\/\/isft182.edu.ar\/index.php\/wp-json\/wp\/v2\/types\/page"}],"author":[{"embeddable":true,"href":"https:\/\/isft182.edu.ar\/index.php\/wp-json\/wp\/v2\/users\/5"}],"replies":[{"embeddable":true,"href":"https:\/\/isft182.edu.ar\/index.php\/wp-json\/wp\/v2\/comments?post=1406"}],"version-history":[{"count":30,"href":"https:\/\/isft182.edu.ar\/index.php\/wp-json\/wp\/v2\/pages\/1406\/revisions"}],"predecessor-version":[{"id":2160,"href":"https:\/\/isft182.edu.ar\/index.php\/wp-json\/wp\/v2\/pages\/1406\/revisions\/2160"}],"wp:attachment":[{"href":"https:\/\/isft182.edu.ar\/index.php\/wp-json\/wp\/v2\/media?parent=1406"}],"curies":[{"name":"wp","href":"https:\/\/api.w.org\/{rel}","templated":true}]}}